a9?
10061
In base 5, what is 20020223 - -1040?
20021313
In base 10, what is -1 - -136687264?
136687263
In base 15, what is -175a - 4844?
-609e
In base 8, what is -2 - -16426217?
16426215
In base 11, what is 1224 + -20398?
-1a174
In base 16, what is 5e88278 + 4?
5e8827c
In base 5, what is -200 + 422010400?
422010200
In base 12, what is 10 + -415272?
-415262
In base 7, what is -130 - -13516436?
13516306
In base 5, what is 4 + 1042101211?
1042101220
In base 16, what is -5 + 12db517?
12db512
In base 16, what is -32 + -a7f20?
-a7f52
In base 4, what is -1220 - -22101310?
22100030
In base 9, what is -52716 + -2176?
-55003
In base 6, what is -32304343 - 5?
-32304352
In base 10, what is 54730875 + -2?
54730873
In base 3, what is -10012102001022022111 - -11?
-10012102001022022100
In base 2, what is 110 + 1100100001011011000?
1100100001011011110
In base 16, what is 4 + -ff6faa?
-ff6fa6
In base 2, what is -10001011 - -1011111101100010?
1011111011010111
In base 12, what is -30b - -156980?
156671
In base 8, what is -56 - -12233?
12155
In base 8, what is -12216111474 - 2?
-12216111476
In base 16, what is -41 - -3c739f?
3c735e
In base 4, what is -202033 - 223010133?
-223212232
In base 7, what is 225044046 - -6?
225044055
In base 4, what is -1000 - -121033210?
121032210
In base 11, what is 222443a - -2a?
2224469
In base 7, what is 65125 - -20641?
116066
In base 5, what is 24311241 - -2321?
24314112
In base 4, what is 2310310100 + 33?
2310310133
In base 9, what is 7 - -5244050?
5244057
In base 16, what is 39d25 - -18a?
39eaf
In base 5, what is -414344412 - -1?
-414344411
In base 15, what is 234 - 26ce?
-249a
In base 9, what is -613 - -328460?
327746
In base 8, what is -4510 - 32741?
-37451
In base 10, what is -4 + -12234023?
-12234027
In base 15, what is 1d7e690 + -5?
1d7e68a
In base 3, what is -1021211100 - 102211?
-1022021011
In base 8, what is 11471410 - -222?
11471632
In base 12, what is 5 - -7b9310?
7b9315
In base 6, what is -1 + 4313231402?
4313231401
In base 9, what is -1483 + 54044?
52451
In base 3, what is -1222212222100101 + -1?
-1222212222100102
In base 10, what is -13029 + -1725?
-14754
In base 16, what is -103 - -c4593?
c4490
In base 11, what is a + 164317a?
1643189
In base 14, what is 1b - -6599b?
659b8
In base 15, what is 72d + -a303?
-9ac5
In base 9, what is -128844 + 27?
-128816
In base 11, what is -6591011 + -5?
-6591016
In base 5, what is -3330410324430 - 0?
-3330410324430
In base 13, what is 401a999 - 3?
401a996
In base 5, what is 234 - -13003242?
13004031
In base 4, what is -2301 + 102211212?
102202311
In base 10, what is -1626 - 10059?
-11685
In base 9, what is 2733802 - -2?
2733804
In base 4, what is -1231200 - -30130?
-1201010
In base 13, what is 49430b92 + -1?
49430b91
In base 15, what is 26788 + 2a?
267b3
In base 16, what is 27 + -35ba7?
-35b80
In base 9, what is -237423478 + 2?
-237423476
In base 12, what is -28a8a - 62?
-28b30
In base 12, what is -8636776 + -5?
-863677b
In base 5, what is -202 - 11114042?
-11114244
In base 6, what is -213051400 + -5?
-213051405
In base 12, what is -66 - 162221?
-162287
In base 12, what is -1 - 29583990?
-29583991
In base 13, what is -55b180 - -1?
-55b17c
In base 9, what is 12 + -7823717?
-7823705
In base 5, what is 3 + 14001132033?
14001132041
In base 2, what is -1111100110 + 11110000000?
1110011010
In base 11, what is -30a5a + -1a?
-30a79
In base 16, what is 378b + -105?
3686
In base 11, what is 1 + -12109253?
-12109252
In base 7, what is -205141023 - 10?
-205141033
In base 4, what is 30322002333333 - 2?
30322002333331
In base 2, what is -1111 - -110010111111101011000?
110010111111101001001
In base 9, what is 27277 + -6308?
20868
In base 15, what is -3 - -227d969?
227d966
In base 6, what is -2012 - -1304204?
1302152
In base 10, what is -113096729 - 0?
-113096729
In base 4, what is 23303100033 - -12?
23303100111
In base 14, what is 7b534a6 + -4?
7b534a2
In base 16, what is -1a7a5 + -fb?
-1a8a0
In base 16, what is 5 - 52d8c8?
-52d8c3
In base 16, what is -98 + 69278?
691e0
In base 8, what is 26024 - -57101?
105125
In base 14, what is a + -537dc4c?
-537dc42
In base 11, what is 10 + 445359?
445369
In base 7, what is 304 - -1512223?
1512530
In base 8, what is 107562173 - 0?
107562173
In base 8, what is -430 + -224127?
-224557
In base 4, what is 1 + 11201132112?
11201132113
In base 11, what is 3 + -3a13488?
-3a13485
In base 3, what is 111000120 + -1022000?
102201120
In base 16, what is -4 - 10e68f?
-10e693
In base 15, what is -134d89 - 1?
-134d8a
In base 14, what is 4a5 - 42aa0?
-425d9
In base 10, what is 0 + 1258839?
1258839
In base 16, what is 34d - -1f05?
2252
In base 9, what is -1618761 + -4?
-1618765
In base 6, what is -30 + -1001141144?
-1001141214
In base 7, what is -43053 + -3060?
-46143
In base 15, what is -4b - 1d3c?
-1d88
In base 16, what is c094 + 2ec?
c380
In base 15, what is -2 + 6c8187?
6c8185
In base 5, what is 1300 - -1024023130?
1024024430
In base 2, what is -1010010111010010100 - -1?
-1010010111010010011
In base 5, what is -23004 - -114?
-22340
In base 14, what is 14b + -7b348?
-7b1db
In base 8, what is 42002 - -5315?
47317
In base 16, what is 4b + 5167?
51b2
In base 12, what is 264aa7 - -29?
264b14
In base 2, what is 1110011100101000111110 + -1001010?
1110011100100111110100
In base 7, what is -1 - -3343415545?
3343415544
In base 14, what is 3725d16 - 2?
3725d14
In base 16, what is 11faf + -6c?
11f43
In base 5, what is -31400303202 + -1?
-31400303203
In base 3, what is -2 + -21021212211111?
-21021212211120
In base 2, what is -1011111010101100110110101010 + 110?
-1011111010101100110110100100
In base 4, what is 102200100302113 - -10?
102200100302123
In base 9, what is -4 + -65285735?
-65285740
In base 10, what is -5 + 2753336?
2753331
In base 10, what is -36043 + -551?
-36594
In base 14, what is -189236 - 17a?
-1893b2
In base 4, what is 31200 + 32002202?
32100002
In base 16, what is 19 + -219e19?
-219e00
In base 10, what is -19899 - -3695?
-16204
In base 3, what is 21200012012210 + 1?
21200012012211
In base 14, what is 5 + 63620c?
636213
In base 8, what is -3 + -3110220?
-3110223
In base 5, what is -3034010 + 24?
-3033431
In base 4, what is 320132110 + 13?
320132123
In base 16, what is c66ea + -154?
c6596
In base 3, what is 12001112010121 - -10?
12001112010201
In base 11, what is -4864887 + a?
-4864878
In base 8, what is 44477 + 346?
45045
In base 6, what is -2421 + 22534?
20113
In base 11, what is -11 + 2a9996?
2a9985
In base 11, what is 1233 + 26a2aa?
270532
In base 15, what is -4913d08 + 1?
-4913d07
In base 16, what is a2 - 7ae?
-70c
In base 16, what is -2 - 5dbcfd?
-5dbcff
In base 5, what is -24 + -130143244?
-130143323
In base 13, what is 9824 + 190?
99b4
In base 9, what is 8 - 37036?
-37027
In base 9, what is 5 + -53665632?
-53665626
In base 16, what is -165c358 - -2?
-165c356
In base 10, what is 38996 - -835?
39831
In base 12, what is -790 - 109885?
-10a455
In base 10, what is 0 + -2222205?
-2222205
In base 6, what is 3235023 - 23?
3235000
In base 10, what is 36 - -2974097?
2974133
In base 16, what is 2b - 142818?
-1427ed
In base 12, what is 11aaa + 6643?
18531
In base 6, what is -5 + -1043543420?
-1043543425
In base 14, what is d2997 + -191?
d2806
In base 2, what is 1000101101111000111001 - -1011?
1000101101111001000100
In base 14, what is 5 + -350d449?
-350d444
In base 8, what is -25 - -423473?
423446
In base 3, what is -10 + 20100201221100122?
20100201221100112
In base 3, what is -10222010110011000 + 10?
-10222010110010220
In base 12, what is -51b140a0 + 4?
-51b14098
In base 8, what is 2212561 - 1731?
2210630
In base 12, what is -19a2 - -86437?
84655
In base 3, what is -101100212022212 - -11?
-101100212022201
In base 9, what is 7817 + -18283?
-10365
In base 3, what is 2 + -11220101202122121?
-11220101202122112
In base 12, what is 8705779 + 1?
870577a
In base 7, what is 4220 - 615236?
-611016
In base 5, what is -3 - -32313112?
32313104
In base 12, what is -52 + 13173a?
1316a8
In base 4, what is 20 + -12301210232102?
-12301210232022
In base 12, what is 633 + -4122?
-36ab
In base 14, what is 9a6ad - 98?
9a615
In base 12, what is -902b + -183?
-91b2
In base 16, what is -1 + -126ce?
-126cf
In base 15, what is -1494 + -2c5e?
-4203
In base 14, what is -1b5bc2d - -30?
-1b5bbdd
In ba